
2
What is the hundred millions digit of 755317695?
7
What is the tens digit of 100904749?
4
What is the thousands digit of 109748436?
8
What is the tens digit of 489266616?
1
What is the thousands digit of 2715474481?
4
What is the billions digit of 6831123691?
6
What is the thousands digit of 1948575416?
5
What is the hundreds digit of 23921035?
0
What is the units digit of 26564459?
9
What is the tens digit of 3710909734?
3
What is the hundred thousands digit of 99446995?
4
What is the tens digit of 57375616?
1
What is the ten millions digit of 2628470036?
2
What is the millions digit of 76692872?
6
What is the hundreds digit of 85416253?
2
What is the ten thousands digit of 58386635?
8
What is the hundred thousands digit of 10305157?
3
What is the tens digit of 320805382?
8
What is the hundred thousands digit of 574638227?
6
What is the thousands digit of 384674482?
4
What is the hundred millions digit of 207487955?
2
What is the hundreds digit of 148828904?
9
What is the tens digit of 141454530?
3
What is the hundreds digit of 171353611?
6
What is the ten millions digit of 4885510879?
8
What is the hundreds digit of 225432987?
9
What is the hundreds digit of 123858190?
1
What is the tens digit of 37130894?
9
What is the tens digit of 188470361?
6
What is the ten thousands digit of 50553901?
5
What is the hundreds digit of 230622340?
3
What is the ten thousands digit of 158102494?
0
What is the hundreds digit of 25881355?
3
What is the hundred millions digit of 1969742179?
9
What is the millions digit of 254807233?
4
What is the thousands digit of 167774015?
4
What is the billions digit of 3605021214?
3
What is the hundred thousands digit of 27773980?
7
What is the hundreds digit of 70804655?
6
What is the hundred thousands digit of 50587246?
5
What is the millions digit of 1355479421?
5
What is the ten millions digit of 12117506?
1
What is the millions digit of 146329122?
6
What is the millions digit of 1631451761?
1
What is the units digit of 7064835431?
1
What is the millions digit of 11257505?
1
What is the thousands digit of 9367287?
7
What is the billions digit of 1867196916?
1
What is the ten thousands digit of 163741766?
4
What is the billions digit of 3150666516?
3
What is the hundreds digit of 34464049?
0
What is the ten thousands digit of 95614576?
1
What is the millions digit of 223413220?
3
What is the hundred thousands digit of 22004456?
0
What is the hundreds digit of 72465073?
0
What is the ten thousands digit of 75478965?
7
What is the ten thousands digit of 1588252216?
5
What is the units digit of 65013591?
1
What is the hundred thousands digit of 683997213?
9
What is the ten thousands digit of 1049722805?
2
What is the thousands digit of 65854512?
4
What is the tens digit of 3789572?
7
What is the ten thousands digit of 75194566?
9
What is the tens digit of 517626323?
2
What is the hundred thousands digit of 277650694?
6
What is the ten thousands digit of 791323732?
2
What is the thousands digit of 1134364721?
4
What is the millions digit of 14637851?
4
What is the units digit of 166880300?
0
What is the hundred thousands digit of 423303249?
3
What is the millions digit of 161032307?
1
What is the ten millions digit of 113887534?
1
What is the millions digit of 46448659?
6
What is the thousands digit of 227044282?
4
What is the hundreds digit of 70731941?
9
What is the hundreds digit of 92058958?
9
What is the hundred millions digit of 320643401?
3
What is the tens digit of 265374738?
3
What is the hundred thousands digit of 2729547100?
5
What is the hundred millions digit of 180672771?
1
What is the thousands digit of 3672792607?
2
What is the units digit of 25525070?
0
What is the thousands digit of 1810078806?
8
What is the hundreds digit of 110467768?
7
What is the thousands digit of 120335734?
5
What is the ten thousands digit of 64610110?
1
What is the tens digit of 1776685836?
3
What is the millions digit of 152286446?
2
What is the hundred thousands digit of 2898129124?
1
What is the thousands digit of 1674497093?
7
What is the hundreds digit of 28131065?
0
What is the units digit of 155408962?
2
What is the ten millions digit of 607017110?
0
What is the units digit of 4743326499?
9
What is the thousands digit of 89212667?
2
What is the millions digit of 24796509?
4
What is the hundred thousands digit of 57871409?
8
What is the hundred thousands digit of 79706542?
7
What is the units digit of 3147188?
8
What is the thousands digit of 257617244?
7
What is the hundred thousands digit of 35984009?
9
What is the thousands digit of 54414349?
4
What is the hundred thousands digit of 227160872?
1
What is the thousands digit of 14722283?
2
What is the millions digit of 1209432616?
9
What is the hundreds digit of 370009591?
5
What is the thousands digit of 1225898085?
8
What is the millions digit of 28723607?
8
What is the thousands digit of 6731805202?
5
What is the tens digit of 563063397?
9
What is the ten millions digit of 3830331266?
3
What is the hundreds digit of 123459072?
0
What is the tens digit of 283741481?
8
What is the tens digit of 2715196387?
8
What is the hundred thousands digit of 56496022?
4
What is the millions digit of 181165269?
1
What is the ten thousands digit of 2882543935?
4
What is the hundred thousands digit of 50673205?
6
What is the hundred thousands digit of 379152869?
1
What is the hundred millions digit of 103214777?
1
What is the tens digit of 4255528535?
3
What is the millions digit of 141904493?
1
What is the hundreds digit of 270249171?
1
What is the hundred thousands digit of 1022125519?
1
What is the tens digit of 378857005?
0
What is the ten millions digit of 863856530?
6
What is the ten millions digit of 90110457?
9
What is the tens digit of 607745796?
9
What is the hundred thousands digit of 2664022910?
0
What is the millions digit of 87609939?
7
What is the ten millions digit of 23965567?
2
What is the units digit of 58074692?
2
What is the hundred millions digit of 3035067909?
0
What is the hundred thousands digit of 534013753?
0
What is the tens digit of 16836010?
1
What is the units digit of 1065893371?
1
What is the units digit of 5170160157?
7
What is the hundred thousands digit of 95380339?
3
What is the thousands digit of 722156801?
6
What is the tens digit of 15463252?
5
What is the millions digit of 438856879?
8
What is the hundreds digit of 2492937457?
4
What is the millions digit of 98597031?
8
What is the units digit of 99622503?
3
What is the hundreds digit of 10498020?
0
What is the ten thousands digit of 81335328?
3
What is the millions digit of 59925645?
9
What is the thousands digit of 327245561?
5
What is the hundred thousands digit of 643956490?
9
What is the thousands digit of 438396945?
6
What is the hundred millions digit of 102946377?
1
What is the hundreds digit of 380283696?
6
What is the ten millions digit of 745969630?
4
What is the ten thousands digit of 307272481?
7
What is the hundred millions digit of 545217960?
5
What is the ten millions digit of 786109636?
8
What is the hundreds digit of 1496308849?
8
What is the millions digit of 859407558?
9
What is the units digit of 82195622?
2
What is the hundred millions digit of 5406106898?
4
What is the tens digit of 258071798?
9
What is the ten millions digit of 184938231?
8
What is the ten millions digit of 1389700792?
8
What is the tens digit of 85823393?
9
What is the millions digit of 793737683?
3
What is the thousands digit of 136051489?
1
What is the hundreds digit of 52037259?
2
What is the hundreds digit of 77921124?
1
What is the hundreds digit of 181422593?
5
What is the ten millions digit of 1259978572?
5
What is the ten thousands digit of 814912349?
1
What is the hundreds digit of 27715979?
9
What is the hundred thousands digit of 53955277?
9
What is the ten thousands digit of 988876019?
7
What is the ten millions digit of 1275456715?
7
What is the ten thousands digit of 78907899?
0
What is the thousands digit of 499566966?
6
What is the tens digit of 44141292?
9
What is the ten millions digit of 66068120?
6
What is the ten thousands digit of 992076950?
7
What is the ten thousands digit of 110800469?
0
What is the ten millions digit of 3092180010?
9
What is the tens digit of 162413269?
6
